-3)/(-12). Let s(d) = d**3 + d + 5*d**2 - 5*d + w + 5*d - 2*d**3. What is s(5)?
6
Let y(w) = -w**3 - 4*w**2 - 3*w + 3. Let n(s) = -5*s**2 + 2*s**2 - 1 - s**2 + 2*s. Let c(f) = f + 6. Let l be c(-5). Let a be n(l). Give y(a).
3
Let m = -6 + 0. Let r be (4/m)/((-4)/6). Let g(y) be the third derivative of y**4/8 + y**2. Give g(r).
3
Let q(k) be the second derivative of 2*k + 0 - 1/6*k**3 - 1/12*k**4 + 1/2*k**2. Give q(0).
1
Let m(x) = 3*x**2 - 7*x - 6. Let n(c) = -4*c**2 + 8*c + 7. Let s(j) = 5*m(j) + 4*n(j). Calculate s(-5).
-12
Let r(c) be the first derivative of c**6/120 - c**5/60 - 5*c**4/24 + 2*c**3/3 - 3*c**2/2 - 3. Let i(v) be the second derivative of r(v). Calculate i(3).
7
Let n(g) = g - 6. Suppose o + 0*o = 0. Suppose o = 2*i - i + 1. Let c = i + 1. What is n(c)?
-6
Let m(v) = 11*v**3 + v**2 + 2*v + 5. Let b(q) = 23*q**3 + 2*q**2 + 4*q + 11. Let o(k) = 4*b(k) - 9*m(k). What is o(-1)?
7
Let c(b) = b - 1. Let p(j) = 0*j**2 + j + 3*j - j**2 + 7. Let y(d) = d**3 - 4*d**2 - 4*d + 1. Let x be y(5). Let g be p(x). Calculate c(g).
-6
Suppose -14*l = -2*l - 24. Let k(b) = -6*b + 1. Determine k(l).
-11
Let l(r) = -2*r + 4. Let s(a) = -2 + 5*a - 2*a - 2*a. Let b(h) = -3*l(h) - 5*s(h). Give b(-2).
-4
Suppose -16*m - 24 = 56. Let u(k) = k**2 + 6 - 2 + 9*k - 4*k. What is u(m)?
4
Let d(q) = q**3 - 3*q**2 + 3*q - 3. Let m = -6 + 12. Suppose -3*h - 2 = -4*h, 4*a - m = h. Give d(a).
-1
Let g be 0/1*(0 - 1). Let x be -1 + 4 + (-1 - -1). Let w = x - g. Let q(c) = c**3 - 4*c**2 + 2*c - 3. Calculate q(w).
-6
Let l(y) = -y**3 - 11*y**2 - y - 7. Let a be l(-11). Let q(t) = -t**2 + 4*t - 5. What is q(a)?
-5
Suppose 5*m = 4*b + b, 2*m = 5*b + 15. Let l = -2 - -5. Let k(w) = 2*w - 3*w - l + 2. What is k(b)?
4
Suppose 10 = -7*a + 2*a + v, -v = a + 8. Let z = 8 + -2. Let s(k) = z - 4*k + k + 0*k + 4*k. Give s(a).
3
Let r(z) = z - 1. Let s = -1 + 5. Suppose 0*q + 25 = 3*q + 5*l, s*q = -5*l + 30. Calculate r(q).
4
Let i(v) = -2*v**2 + 5*v - 4. Let u be 6/(-15) + 22/5. Let y = u + -1. Calculate i(y).
-7
Let u be (2/(-4))/((-18)/108). Let o(s) = s**3 - 3*s**2 + s. What is o(u)?
3
Let c(u) = 3*u - 6. Let k = 8 + -6. Suppose 0 = -w + 5*w - 2*g - 26, 2*g = -k. Suppose 0 = -4*v + 10 + w. Determine c(v).
6
Let v(c) = 6*c**2 + 2*c + 1. Let k be (12/(-15))/(2/(-15)). Let y be k/4 - 2/4. Suppose 2*w + y = -1. Determine v(w).
5
Let m(a) be the third derivative of a**4/24 + 5*a**3/6 + 8*a**2. What is m(-7)?
-2
Let d(o) be the first derivative of 0*o + 6 + 3/2*o**2. Let g = 1 - 0. Determine d(g).
3
Let h be 12/(-8)*(-4)/3. Let f(l) = 2*l**2 - 4*l + 3. What is f(h)?
3
Let b(l) be the first derivative of l**3/3 - 3*l**2/2 - l - 4. Suppose 2*g = -r + 1, 4*r + g - 23 = -r. What is b(r)?
9
Suppose -3 + 11 = 2*p. Let z be p/20 + (-11)/5. Let g(n) = 4 - 1 + 2*n**2 + n**3 + n - 1 + 0*n**2. Calculate g(z).
0
Let b(w) = -w + 5. Suppose -4*r - 2*f + 82 = r, -5*f = -3*r + 43. Suppose -6*d + 2*d + 4*s = -r, 2*d + 2*s = -8. Suppose d = -2*i + i. Calculate b(i).
5
Let r(u) = 6*u - 9. Let h(n) = 5*n - 8. Suppose 4*j + 25 = 1. Let d be (-1)/4 + 87/12. Let x(f) = d*h(f) + j*r(f). Give x(3).
-5
Let k(c) be the third derivative of 0 - 1/6*c**3 + 1/24*c**4 + 0*c + 2*c**2. Determine k(6).
5
Let l = 6 - 11. Let x(j) be the second derivative of j**4/12 + j**3/2 - 7*j**2/2 + 2*j. Calculate x(l).
3
Let a(c) be the second derivative of c**5/20 + c**4/6 - 5*c**3/6 - 2*c**2 + 2*c. Let n be 4/18 + (-232)/72. Give a(n).
2
Let j = -8 + 12. Suppose -x + j = -0*x. Let o(d) = -2*d**2 + 4*d + 1 + d + d**2. What is o(x)?
5
Suppose -2*u - 3*o = -1, 5*u - 4*o = 7 - 39. Let a(f) be the second derivative of -f**4/12 - 2*f**3/3 - 2*f**2 - 19*f. What is a(u)?
-4
Let u(k) be the first derivative of -2*k**2 + k - 2. Let n be 2*2 + -16 + 13. What is u(n)?
-3
Let o(p) = 2*p - 4. Suppose 3*u + 4*h = -17, 4*h + 6 = h. Let n = 8 + u. Determine o(n).
6
Let i(s) = 2*s - 1. Suppose -6*a + 5 = j - a, 3*j - 15 = 5*a. Determine i(j).
9
Let q(l) = l**2 - 8*l + 4. Let s(k) = k**3 + 4*k**2 - 2*k - 1. Let v be s(-4). Determine q(v).
-3
Suppose 0 = 2*p - 0*p - 20. Let q = 4 - p. Let d(a) = a**3 + 7*a**2 + 6*a - 1. What is d(q)?
-1
Let t(b) be the second derivative of 1/40*b**6 + 0 + 3/2*b**2 + 1/24*b**4 - 1/60*b**5 + 0*b**3 + 3*b. Let i(v) be the first derivative of t(v). Give i(1).
3
Let c(g) be the first derivative of -1/4*g**4 - 2 - 2*g + 3/2*g**2 + g**3. What is c(4)?
-6
Let q(w) = -3*w**3 - w**2 - w - 1. Let h be q(-1). Let v(a) be the first derivative of -4*a**3/3 + a**2 + 2*a + 7. Give v(h).
-10
Let v = -2 + 4. Let k(n) = -5*n - n - n**v + 5*n. Let w = -5 + 5. Calculate k(w).
0
Let b(c) = 5 - c**2 + 4 - 8 + 3*c**2. What is b(-2)?
9
Let k(o) = 2 + 6*o - 4 - 5*o. Let t be -1 - (2/3)/((-14)/21). Calculate k(t).
-2
Let t(g) = g**2 - 3*g + 5. Suppose 22 = 4*a + 6. Determine t(a).
9
Let x(c) = 1. Let v(w) = -9*w**2 + 15*w - 23. Let n(s) = -v(s) - 4*x(s). Let g(d) = -5*d**2 + 8*d - 10. Let h(k) = -11*g(k) - 6*n(k). Give h(3).
11
Let g(q) = 3*q. Suppose 3*x = 6, -3*r - x = -2*r + 3. Let d = r + 7. Give g(d).
6
Suppose 2*n = -0*n. Suppose n = -o - 0*o. Let d(h) = -h + 2. Give d(o).
2
Let w(l) = l**2 - 6*l + 3. Let r = -6 - -8. Suppose -5*h + 23 = -r*m, -6 - 5 = -3*h + 4*m. Determine w(h).
-2
Let x(t) be the third derivative of t**6/120 - t**5/15 - t**4/6 + t**3/6 + 2*t**2. Let n(v) = v**2 + 1. Let q be (-3)/6 - 5/(-2). Let b be n(q). What is x(b)?
6
Let s(y) = 4 - 5*y**3 - 4*y + 0*y - 2 + 9*y - y**2. Let i(q) = -4*q**3 + 4*q + 1. Let n(f) = 3*i(f) - 2*s(f). Give n(2).
-5
Suppose 0 = -2*k - 4*v - 12, 2*v = -4*k - k - 14. Let r(y) = y**2 + y + 2. Give r(k).
4
Let c(f) be the third derivative of -f**5/10 - f**4/12 + f**3/6 + f**2. Let y = 12 - 7. Let i = y + -4. What is c(i)?
-7
Let h(c) = 5*c**2 + 7*c - 4*c + c**3 + 7 - 4*c + 2*c. Suppose 3*f = -4 - 11. Determine h(f).
2
Let n(f) be the first derivative of -9*f**2/2 - 9*f + 4. Let g(l) = -5*l - 5. Let c(u) = -7*g(u) + 4*n(u). What is c(6)?
-7
Let w(r) = -r - 1. Let z(o) = -2*o**2 + 4*o + 3. Let q(h) = -5*w(h) - z(h). Give q(-2).
8
Let d(x) = -5*x**3 - 3*x**2 + 2*x - 4*x + 11*x**2 + 6*x**3 - 10. Determine d(-8).
6
Let i(n) = n**3 + n**2 - n + 1. Suppose 5*k - 8 + 27 = d, -2*k = -2*d + 14. Let t be k*(20/6)/(-2). Suppose -2*a = a + c + 2, 5*a - 10 = -t*c. Determine i(a).
-1
Let x(f) = 2*f + 1. Let q(p) = -5*p - 2. Let a(i) = -3*q(i) - 8*x(i). Calculate a(-3).
1
Let k(u) = -u. Let n be 14/(-28)*(-7 - -1). Determine k(n).
-3
Let m(d) = 5*d + 2. Let y(f) = 2*f + 1. Let t(z) = -4*m(z) + 11*y(z). Suppose 14 - 2 = -4*s. Give t(s).
-3
Let i(b) be the second derivative of b**4/12 - 2*b**3/3 - b**2/2 + 14*b. Suppose 1 - 3 = -h. Calculate i(h).
-5
Let z(w) = 7*w**3 + 2*w**2 + 2*w + 1. Let v(b) = b**2 + b - 1. Suppose -4*s = -6*s - 2, -q = -5*s - 3. Let k be v(q). Let n be k - 3 - (0 - 1). What is z(n)?
-6
Let l(f) be the first derivative of -1 + 0*f**2 + 0*f + 1/120*f**5 - 2/3*f**3 + 1/12*f**4. Let n(p) be the third derivative of l(p). What is n(-2)?
0
Let w(y) be the first derivative of -y**2/2 - 7*y + 11. Give w(-7).
0
Let u(t) be the third derivative of -10*t**2 - 1/6*t**3 + 1/8*t**4 + 0 + 0*t - 1/60*t**5. Determine u(2).
1
Let r(x) = -2*x**3 + 3*x**2 + 4*x + 5. Let t(l) = -l**3 + 3*l**2 + 4*l + 4. Let m(j) = -2*r(j) + 3*t(j). Determine m(-3).
-10
Let p = 8 + -4. Let d(j) be the first derivative of -j**2/2 - 3*j + 4. Calculate d(p).
-7
Let p(v) = -v**2 - 7. Suppose u - 3*w - 1 = -2, 3*u = 4*w + 2. Let q be u/(-12)*-3*0. Determine p(q).
-7
Let d(w) = -2 + 0*w + 4*w + 7*w - 8*w. Calculate d(4).
10
Let a(m) = m**2 + 5*m - 1. Let y(g) = -4*g**2 - 21*g + 4. Let b(l) = 9*a(l) + 2*y(l). Give b(-5).
9
Let y(k) = 4*k - 1 + 0*k - 2*k. Let d be y(2). Suppose 3*s - 6 = v + 2, -d*v - 16 = -s. Let b(r) = -r**2 - 8*r - 7. Determine b(v).
8
Let y(h) = 2*h**3 - 4*h**2 + 3*h. Let f(m) = -m + 7. Let l(k) be the third derivative of k**5/60 + k**4/6 + k**2. Let x be l(-5). Let q be f(x). Calculate y(q).
6
Let q(u) = -3*u + 1. Let r(m) = -m. Let v(d) = -2*q(d) + 5*r(d). What is v(-5)?
-7
Suppose 5*g = -k + 5*k + 17, 2*k - 14 = -2*g. Let f(a) = -1 - 2*a**k + a**2 + 5*a - 3*a - 2*a**2 - a**3. Calculate f(-4).
7
Let p(r) = r**2 + r - 2. Let v = -10 + 12. Determine p(v).
4
Let k(f) = f**2 - 11*f + 21. Let j be k(9). Let y 